{"version":"1.0","provider_name":"PRIF BLOG","provider_url":"https:\/\/blog.prif.org\/en\/","title":"Das Ende des INF-Vertrags: Katerstimmung in Europa - PRIF BLOG","type":"rich","width":600,"height":338,"html":"<blockquote class=\"wp-embedded-content\" data-secret=\"EyNVk1wGq0\"><a href=\"https:\/\/blog.prif.org\/en\/2019\/08\/09\/das-ende-des-inf-vertrags-katerstimmung-in-europa\/\">Das Ende des INF-Vertrags: Katerstimmung in Europa<\/a><\/blockquote><iframe sandbox=\"allow-scripts\" security=\"restricted\" src=\"https:\/\/blog.prif.org\/en\/2019\/08\/09\/das-ende-des-inf-vertrags-katerstimmung-in-europa\/embed\/#?secret=EyNVk1wGq0\" width=\"600\" height=\"338\" title=\"&#8220;Das Ende des INF-Vertrags: Katerstimmung in Europa&#8221; &#8212; PRIF BLOG\" data-secret=\"EyNVk1wGq0\" frameborder=\"0\" marginwidth=\"0\" marginheight=\"0\" scrolling=\"no\" class=\"wp-embedded-content\"><\/iframe><script>\n\/*! This file is auto-generated *\/\n!function(d,l){\"use strict\";l.querySelector&&d.addEventListener&&\"undefined\"!=typeof URL&&(d.wp=d.wp||{},d.wp.receiveEmbedMessage||(d.wp.receiveEmbedMessage=function(e){var t=e.data;if((t||t.secret||t.message||t.value)&&!\/[^a-zA-Z0-9]\/.test(t.secret)){for(var s,r,n,a=l.querySelectorAll('iframe[data-secret=\"'+t.secret+'\"]'),o=l.querySelectorAll('blockquote[data-secret=\"'+t.secret+'\"]'),c=new RegExp(\"^https?:$\",\"i\"),i=0;i<o.length;i++)o[i].style.display=\"none\";for(i=0;i<a.length;i++)s=a[i],e.source===s.contentWindow&&(s.removeAttribute(\"style\"),\"height\"===t.message?(1e3<(r=parseInt(t.value,10))?r=1e3:~~r<200&&(r=200),s.height=r):\"link\"===t.message&&(r=new URL(s.getAttribute(\"src\")),n=new URL(t.value),c.test(n.protocol))&&n.host===r.host&&l.activeElement===s&&(d.top.location.href=t.value))}},d.addEventListener(\"message\",d.wp.receiveEmbedMessage,!1),l.addEventListener(\"DOMContentLoaded\",function(){for(var e,t,s=l.querySelectorAll(\"iframe.wp-embedded-content\"),r=0;r<s.length;r++)(t=(e=s[r]).getAttribute(\"data-secret\"))||(t=Math.random().toString(36).substring(2,12),e.src+=\"#?secret=\"+t,e.setAttribute(\"data-secret\",t)),e.contentWindow.postMessage({message:\"ready\",secret:t},\"*\")},!1)))}(window,document);\n<\/script>\n","thumbnail_url":"https:\/\/blog.prif.org\/wp-content\/uploads\/2019\/08\/inf_baldus_BLOG.jpg","thumbnail_width":750,"thumbnail_height":410,"description":"Der INF-Vertrag ist Geschichte. Nach nicht allzu glaubw\u00fcrdigen Rettungsversuchen durch die zwei nuklearen Superm\u00e4chte USA und Russland wurde der Vertrag \u00fcber nukleare Mittelstreckensysteme (Intermediate-Range Nuclear Forces (INF) Treaty) am Freitag (2. August 2019) offiziell zu Grabe getragen. Damit ist der Weg frei f\u00fcr eine erneute Aufr\u00fcstung Europas, die den Kontinent wieder zur Arena nuklearer Kriegsplanungen machen k\u00f6nnte. Doch den Raketen werden, aufgrund ihrer kurzen Flugzeiten und dadurch kurzen Reaktionszyklen, destabilisierende Effekte zugeschrieben. Dadurch k\u00f6nnte das \u201anukleare Tabu\u2018 \u2013 die Norm zum Nichteinsatz von Atomwaffen \u2013 geschw\u00e4cht und die Wahrscheinlichkeit einer nuklearen Eskalation erh\u00f6ht werden."}

Der INF-Vertrag ist Geschichte. Nach nicht allzu glaubwürdigen Rettungsversuchen durch die zwei nuklearen Supermächte USA und Russland wurde der Vertrag über nukleare Mittelstreckensysteme (Intermediate-Range Nuclear Forces (INF) Treaty) am Freitag (2. August 2019) offiziell zu Grabe getragen. Damit ist der Weg frei für eine erneute Aufrüstung Europas, die den Kontinent wieder zur Arena nuklearer Kriegsplanungen machen könnte. Doch den Raketen werden, aufgrund ihrer kurzen Flugzeiten und dadurch kurzen Reaktionszyklen, destabilisierende Effekte zugeschrieben. Dadurch könnte das ‚nukleare Tabu‘ – die Norm zum Nichteinsatz von Atomwaffen – geschwächt und die Wahrscheinlichkeit einer nuklearen Eskalation erhöht werden.
