{"version":"1.0","provider_name":"PRIF BLOG","provider_url":"https:\/\/blog.prif.org\/en\/","title":"Von Th\u00fcringen nach Hanau, und zur\u00fcck - PRIF BLOG","type":"rich","width":600,"height":338,"html":"<blockquote class=\"wp-embedded-content\" data-secret=\"TLua4TBJYK\"><a href=\"https:\/\/blog.prif.org\/en\/2020\/02\/26\/von-thueringen-nach-hanau-und-zurueck\/\">Von Th\u00fcringen nach Hanau, und zur\u00fcck<\/a><\/blockquote><iframe sandbox=\"allow-scripts\" security=\"restricted\" src=\"https:\/\/blog.prif.org\/en\/2020\/02\/26\/von-thueringen-nach-hanau-und-zurueck\/embed\/#?secret=TLua4TBJYK\" width=\"600\" height=\"338\" title=\"&#8220;Von Th\u00fcringen nach Hanau, und zur\u00fcck&#8221; &#8212; PRIF BLOG\" data-secret=\"TLua4TBJYK\" frameborder=\"0\" marginwidth=\"0\" marginheight=\"0\" scrolling=\"no\" class=\"wp-embedded-content\"><\/iframe><script>\n\/*! This file is auto-generated *\/\n!function(d,l){\"use strict\";l.querySelector&&d.addEventListener&&\"undefined\"!=typeof URL&&(d.wp=d.wp||{},d.wp.receiveEmbedMessage||(d.wp.receiveEmbedMessage=function(e){var t=e.data;if((t||t.secret||t.message||t.value)&&!\/[^a-zA-Z0-9]\/.test(t.secret)){for(var s,r,n,a=l.querySelectorAll('iframe[data-secret=\"'+t.secret+'\"]'),o=l.querySelectorAll('blockquote[data-secret=\"'+t.secret+'\"]'),c=new RegExp(\"^https?:$\",\"i\"),i=0;i<o.length;i++)o[i].style.display=\"none\";for(i=0;i<a.length;i++)s=a[i],e.source===s.contentWindow&&(s.removeAttribute(\"style\"),\"height\"===t.message?(1e3<(r=parseInt(t.value,10))?r=1e3:~~r<200&&(r=200),s.height=r):\"link\"===t.message&&(r=new URL(s.getAttribute(\"src\")),n=new URL(t.value),c.test(n.protocol))&&n.host===r.host&&l.activeElement===s&&(d.top.location.href=t.value))}},d.addEventListener(\"message\",d.wp.receiveEmbedMessage,!1),l.addEventListener(\"DOMContentLoaded\",function(){for(var e,t,s=l.querySelectorAll(\"iframe.wp-embedded-content\"),r=0;r<s.length;r++)(t=(e=s[r]).getAttribute(\"data-secret\"))||(t=Math.random().toString(36).substring(2,12),e.src+=\"#?secret=\"+t,e.setAttribute(\"data-secret\",t)),e.contentWindow.postMessage({message:\"ready\",secret:t},\"*\")},!1)))}(window,document);\n<\/script>\n","thumbnail_url":"https:\/\/blog.prif.org\/wp-content\/uploads\/2020\/02\/KemmerichH\u00f6cke.jpg","thumbnail_width":750,"thumbnail_height":410,"description":"Am 5. Februar 2020 wurde in Th\u00fcringen der FDP-Politiker Thomas Kemmerich mit den Stimmen von CDU und AfD zum Ministerpr\u00e4sidenten des Landes gew\u00e4hlt. Ein Novum, das viele als Dammbruch bewerteten. Am Abend des 19. Februar 2020 ermordet ein von rassistischen Motiven getriebener T\u00e4ter 9 Menschen. Kein Novum. Seit 1990 kamen in Deutschland \u00fcber 200 Menschen durch rechtsextreme Gewalt ums Leben \u2013 12 Mordopfer sind alleine seit Juni 2019 zu beklagen. Die beiden Ereignisse liegen nicht auf derselben Ebene, stehen aber in einem Zusammenhang: Sie verdeutlichen die Gefahr, die von extrem rechten und rassistischen Einstellungen ausgeht. Die Ereignisse stehen aber auch f\u00fcr eine Zivilgesellschaft, die aufsteht, B\u00fcndnisse mit der AfD zur\u00fcckweist, sich mit den Opfern der Gewalt und deren Familien solidarisiert. Dies war nicht immer der Fall. Die Sensibilit\u00e4t hat zugenommen, und dies birgt Potential: Es bedarf eines Antirassismus-Mainstreamings."}

Von Thüringen nach Hanau, und zurück - PRIF BLOG

<blockquote class="wp-embedded-content" data-secret="TLua4TBJYK"><a href="https://blog.prif.org/en/2020/02/26/von-thueringen-nach-hanau-und-zurueck/">Von Thüringen nach Hanau, und zurück</a></blockquote><iframe sandbox="allow-scripts" security="restricted" src="https://blog.prif.org/en/2020/02/26/von-thueringen-nach-hanau-und-zurueck/embed/#?secret=TLua4TBJYK" width="600" height="338" title="&#8220;Von Thüringen nach Hanau, und zurück&#8221; &#8212; PRIF BLOG" data-secret="TLua4TBJYK" frameborder="0" marginwidth="0" marginheight="0" scrolling="no" class="wp-embedded-content"></iframe><script>
/*! This file is auto-generated */
!function(d,l){"use strict";l.querySelector&&d.addEventListener&&"undefined"!=typeof URL&&(d.wp=d.wp||{},d.wp.receiveEmbedMessage||(d.wp.receiveEmbedMessage=function(e){var t=e.data;if((t||t.secret||t.message||t.value)&&!/[^a-zA-Z0-9]/.test(t.secret)){for(var s,r,n,a=l.querySelectorAll('iframe[data-secret="'+t.secret+'"]'),o=l.querySelectorAll('blockquote[data-secret="'+t.secret+'"]'),c=new RegExp("^https?:$","i"),i=0;i<o.length;i++)o[i].style.display="none";for(i=0;i<a.length;i++)s=a[i],e.source===s.contentWindow&&(s.removeAttribute("style"),"height"===t.message?(1e3<(r=parseInt(t.value,10))?r=1e3:~~r<200&&(r=200),s.height=r):"link"===t.message&&(r=new URL(s.getAttribute("src")),n=new URL(t.value),c.test(n.protocol))&&n.host===r.host&&l.activeElement===s&&(d.top.location.href=t.value))}},d.addEventListener("message",d.wp.receiveEmbedMessage,!1),l.addEventListener("DOMContentLoaded",function(){for(var e,t,s=l.querySelectorAll("iframe.wp-embedded-content"),r=0;r<s.length;r++)(t=(e=s[r]).getAttribute("data-secret"))||(t=Math.random().toString(36).substring(2,12),e.src+="#?secret="+t,e.setAttribute("data-secret",t)),e.contentWindow.postMessage({message:"ready",secret:t},"*")},!1)))}(window,document);
</script>

https://blog.prif.org/wp-content/uploads/2020/02/KemmerichHöcke.jpg

Am 5. Februar 2020 wurde in Thüringen der FDP-Politiker Thomas Kemmerich mit den Stimmen von CDU und AfD zum Ministerpräsidenten des Landes gewählt. Ein Novum, das viele als Dammbruch bewerteten. Am Abend des 19. Februar 2020 ermordet ein von rassistischen Motiven getriebener Täter 9 Menschen. Kein Novum. Seit 1990 kamen in Deutschland über 200 Menschen durch rechtsextreme Gewalt ums Leben – 12 Mordopfer sind alleine seit Juni 2019 zu beklagen. Die beiden Ereignisse liegen nicht auf derselben Ebene, stehen aber in einem Zusammenhang: Sie verdeutlichen die Gefahr, die von extrem rechten und rassistischen Einstellungen ausgeht. Die Ereignisse stehen aber auch für eine Zivilgesellschaft, die aufsteht, Bündnisse mit der AfD zurückweist, sich mit den Opfern der Gewalt und deren Familien solidarisiert. Dies war nicht immer der Fall. Die Sensibilität hat zugenommen, und dies birgt Potential: Es bedarf eines Antirassismus-Mainstreamings.
