{"version":"1.0","provider_name":"PRIF BLOG","provider_url":"https:\/\/blog.prif.org\/en\/","title":"Die politische Logik der Gewalt. Zur Ermordung sozialer Aktivist*innen im Kontext autorit\u00e4rer lokaler Ordnungen in Kolumbien - PRIF BLOG","type":"rich","width":600,"height":338,"html":"<blockquote class=\"wp-embedded-content\" data-secret=\"0nkVnmkBv7\"><a href=\"https:\/\/blog.prif.org\/en\/2020\/11\/04\/die-politische-logik-der-gewalt\/\">Die politische Logik der Gewalt. Zur Ermordung sozialer Aktivist*innen im Kontext autorit\u00e4rer lokaler Ordnungen in Kolumbien<\/a><\/blockquote><iframe sandbox=\"allow-scripts\" security=\"restricted\" src=\"https:\/\/blog.prif.org\/en\/2020\/11\/04\/die-politische-logik-der-gewalt\/embed\/#?secret=0nkVnmkBv7\" width=\"600\" height=\"338\" title=\"&#8220;Die politische Logik der Gewalt. Zur Ermordung sozialer Aktivist*innen im Kontext autorit\u00e4rer lokaler Ordnungen in Kolumbien&#8221; &#8212; PRIF BLOG\" data-secret=\"0nkVnmkBv7\" frameborder=\"0\" marginwidth=\"0\" marginheight=\"0\" scrolling=\"no\" class=\"wp-embedded-content\"><\/iframe><script>\n\/*! This file is auto-generated *\/\n!function(d,l){\"use strict\";l.querySelector&&d.addEventListener&&\"undefined\"!=typeof URL&&(d.wp=d.wp||{},d.wp.receiveEmbedMessage||(d.wp.receiveEmbedMessage=function(e){var t=e.data;if((t||t.secret||t.message||t.value)&&!\/[^a-zA-Z0-9]\/.test(t.secret)){for(var s,r,n,a=l.querySelectorAll('iframe[data-secret=\"'+t.secret+'\"]'),o=l.querySelectorAll('blockquote[data-secret=\"'+t.secret+'\"]'),c=new RegExp(\"^https?:$\",\"i\"),i=0;i<o.length;i++)o[i].style.display=\"none\";for(i=0;i<a.length;i++)s=a[i],e.source===s.contentWindow&&(s.removeAttribute(\"style\"),\"height\"===t.message?(1e3<(r=parseInt(t.value,10))?r=1e3:~~r<200&&(r=200),s.height=r):\"link\"===t.message&&(r=new URL(s.getAttribute(\"src\")),n=new URL(t.value),c.test(n.protocol))&&n.host===r.host&&l.activeElement===s&&(d.top.location.href=t.value))}},d.addEventListener(\"message\",d.wp.receiveEmbedMessage,!1),l.addEventListener(\"DOMContentLoaded\",function(){for(var e,t,s=l.querySelectorAll(\"iframe.wp-embedded-content\"),r=0;r<s.length;r++)(t=(e=s[r]).getAttribute(\"data-secret\"))||(t=Math.random().toString(36).substring(2,12),e.src+=\"#?secret=\"+t,e.setAttribute(\"data-secret\",t)),e.contentWindow.postMessage({message:\"ready\",secret:t},\"*\")},!1)))}(window,document);\n<\/script>\n","thumbnail_url":"https:\/\/blog.prif.org\/wp-content\/uploads\/2020\/11\/Spotlight_Jonas_Blog.jpg","thumbnail_width":750,"thumbnail_height":410,"description":"Seit dem Abschluss des Friedensabkommens zwischen der kolumbianischen Regierung und der FARC-Guerrilla Ende 2016 sind die Morde an sozialen Aktivist*innen deutlich angestiegen. Daran hat sich auch unter den Bedingungen der COVID-19-Pandemie nichts ge\u00e4ndert. H\u00e4ufig wird diese Gewalt allein auf die Pr\u00e4senz bewaffneter, nichtstaatlicher Akteure und deren Kampf um die Kontrolle illegaler \u00d6konomien zur\u00fcckgef\u00fchrt. Sie hat aber zugleich eine dezidiert politische Seite und spiegelt konkret die Funktionsweise lokaler autorit\u00e4rer Ordnungen in Kolumbien. Diese politische Logik anzuerkennen, ist wichtig, um Gegenstrategien zu entwickeln."}

Die politische Logik der Gewalt. Zur Ermordung sozialer Aktivist*innen im Kontext autoritärer lokaler Ordnungen in Kolumbien - PRIF BLOG

<blockquote class="wp-embedded-content" data-secret="0nkVnmkBv7"><a href="https://blog.prif.org/en/2020/11/04/die-politische-logik-der-gewalt/">Die politische Logik der Gewalt. Zur Ermordung sozialer Aktivist*innen im Kontext autoritärer lokaler Ordnungen in Kolumbien</a></blockquote><iframe sandbox="allow-scripts" security="restricted" src="https://blog.prif.org/en/2020/11/04/die-politische-logik-der-gewalt/embed/#?secret=0nkVnmkBv7" width="600" height="338" title="&#8220;Die politische Logik der Gewalt. Zur Ermordung sozialer Aktivist*innen im Kontext autoritärer lokaler Ordnungen in Kolumbien&#8221; &#8212; PRIF BLOG" data-secret="0nkVnmkBv7" frameborder="0" marginwidth="0" marginheight="0" scrolling="no" class="wp-embedded-content"></iframe><script>
/*! This file is auto-generated */
!function(d,l){"use strict";l.querySelector&&d.addEventListener&&"undefined"!=typeof URL&&(d.wp=d.wp||{},d.wp.receiveEmbedMessage||(d.wp.receiveEmbedMessage=function(e){var t=e.data;if((t||t.secret||t.message||t.value)&&!/[^a-zA-Z0-9]/.test(t.secret)){for(var s,r,n,a=l.querySelectorAll('iframe[data-secret="'+t.secret+'"]'),o=l.querySelectorAll('blockquote[data-secret="'+t.secret+'"]'),c=new RegExp("^https?:$","i"),i=0;i<o.length;i++)o[i].style.display="none";for(i=0;i<a.length;i++)s=a[i],e.source===s.contentWindow&&(s.removeAttribute("style"),"height"===t.message?(1e3<(r=parseInt(t.value,10))?r=1e3:~~r<200&&(r=200),s.height=r):"link"===t.message&&(r=new URL(s.getAttribute("src")),n=new URL(t.value),c.test(n.protocol))&&n.host===r.host&&l.activeElement===s&&(d.top.location.href=t.value))}},d.addEventListener("message",d.wp.receiveEmbedMessage,!1),l.addEventListener("DOMContentLoaded",function(){for(var e,t,s=l.querySelectorAll("iframe.wp-embedded-content"),r=0;r<s.length;r++)(t=(e=s[r]).getAttribute("data-secret"))||(t=Math.random().toString(36).substring(2,12),e.src+="#?secret="+t,e.setAttribute("data-secret",t)),e.contentWindow.postMessage({message:"ready",secret:t},"*")},!1)))}(window,document);
</script>

Seit dem Abschluss des Friedensabkommens zwischen der kolumbianischen Regierung und der FARC-Guerrilla Ende 2016 sind die Morde an sozialen Aktivist*innen deutlich angestiegen. Daran hat sich auch unter den Bedingungen der COVID-19-Pandemie nichts geändert. Häufig wird diese Gewalt allein auf die Präsenz bewaffneter, nichtstaatlicher Akteure und deren Kampf um die Kontrolle illegaler Ökonomien zurückgeführt. Sie hat aber zugleich eine dezidiert politische Seite und spiegelt konkret die Funktionsweise lokaler autoritärer Ordnungen in Kolumbien. Diese politische Logik anzuerkennen, ist wichtig, um Gegenstrategien zu entwickeln.
