{"version":"1.0","provider_name":"PRIF BLOG","provider_url":"https:\/\/blog.prif.org\/en\/","title":"Harmonisierung um jeden Preis - PRIF BLOG","type":"rich","width":600,"height":338,"html":"<blockquote class=\"wp-embedded-content\" data-secret=\"aUexQowea6\"><a href=\"https:\/\/blog.prif.org\/en\/2023\/06\/20\/harmonisierung-um-jeden-preis\/\">Harmonisierung um jeden Preis<\/a><\/blockquote><iframe sandbox=\"allow-scripts\" security=\"restricted\" src=\"https:\/\/blog.prif.org\/en\/2023\/06\/20\/harmonisierung-um-jeden-preis\/embed\/#?secret=aUexQowea6\" width=\"600\" height=\"338\" title=\"&#8220;Harmonisierung um jeden Preis&#8221; &#8212; PRIF BLOG\" data-secret=\"aUexQowea6\" frameborder=\"0\" marginwidth=\"0\" marginheight=\"0\" scrolling=\"no\" class=\"wp-embedded-content\"><\/iframe><script>\n\/*! This file is auto-generated *\/\n!function(d,l){\"use strict\";l.querySelector&&d.addEventListener&&\"undefined\"!=typeof URL&&(d.wp=d.wp||{},d.wp.receiveEmbedMessage||(d.wp.receiveEmbedMessage=function(e){var t=e.data;if((t||t.secret||t.message||t.value)&&!\/[^a-zA-Z0-9]\/.test(t.secret)){for(var s,r,n,a=l.querySelectorAll('iframe[data-secret=\"'+t.secret+'\"]'),o=l.querySelectorAll('blockquote[data-secret=\"'+t.secret+'\"]'),c=new RegExp(\"^https?:$\",\"i\"),i=0;i<o.length;i++)o[i].style.display=\"none\";for(i=0;i<a.length;i++)s=a[i],e.source===s.contentWindow&&(s.removeAttribute(\"style\"),\"height\"===t.message?(1e3<(r=parseInt(t.value,10))?r=1e3:~~r<200&&(r=200),s.height=r):\"link\"===t.message&&(r=new URL(s.getAttribute(\"src\")),n=new URL(t.value),c.test(n.protocol))&&n.host===r.host&&l.activeElement===s&&(d.top.location.href=t.value))}},d.addEventListener(\"message\",d.wp.receiveEmbedMessage,!1),l.addEventListener(\"DOMContentLoaded\",function(){for(var e,t,s=l.querySelectorAll(\"iframe.wp-embedded-content\"),r=0;r<s.length;r++)(t=(e=s[r]).getAttribute(\"data-secret\"))||(t=Math.random().toString(36).substring(2,12),e.src+=\"#?secret=\"+t,e.setAttribute(\"data-secret\",t)),e.contentWindow.postMessage({message:\"ready\",secret:t},\"*\")},!1)))}(window,document);\n<\/script>\n","thumbnail_url":"https:\/\/blog.prif.org\/wp-content\/uploads\/2023\/06\/a_line_of_syrian_refugees_crossing_the_border_of_hungary_and_austria_on_their_way_to_germany._hungary__central_europe__6_september_2015_blog.jpg","thumbnail_width":750,"thumbnail_height":410,"description":"Am heutigen Internationalen Fl\u00fcchtlingstag ist die Situation f\u00fcr Gefl\u00fcchtete so d\u00fcster wie wohl seit Einf\u00fchrung des Gedenktages im Jahr 2001 noch nie. W\u00e4hrend 2022 mehr als 100 Millionen Menschen auf der Flucht waren, lassen sich weltweit, insbesondere im Globalen Norden, Bestrebungen zur Aush\u00f6hlung des Fl\u00fcchtlingsrechts beobachten. Die EU plant eine umfassende Reform des europ\u00e4ischen Asylrechts, doch auch dieser wird keine Harmonisierung gelingen, da Kernprobleme des bisherigen Systems nicht angegangen werden. Menschenrechtliche und rechtsstaatliche Grunds\u00e4tze werden zum Bauernopfer."}

Am heutigen Internationalen Flüchtlingstag ist die Situation für Geflüchtete so düster wie wohl seit Einführung des Gedenktages im Jahr 2001 noch nie. Während 2022 mehr als 100 Millionen Menschen auf der Flucht waren, lassen sich weltweit, insbesondere im Globalen Norden, Bestrebungen zur Aushöhlung des Flüchtlingsrechts beobachten. Die EU plant eine umfassende Reform des europäischen Asylrechts, doch auch dieser wird keine Harmonisierung gelingen, da Kernprobleme des bisherigen Systems nicht angegangen werden. Menschenrechtliche und rechtsstaatliche Grundsätze werden zum Bauernopfer.
