{"id":13899,"date":"2025-07-07T16:19:55","date_gmt":"2025-07-07T14:19:55","guid":{"rendered":"https:\/\/blog.prif.org\/wp-content\/uploads\/2025\/07\/250625g-002.jpg"},"modified":"2025-07-07T16:34:00","modified_gmt":"2025-07-07T14:34:00","slug":"250625g-002-2","status":"inherit","type":"attachment","link":"https:\/\/blog.prif.org\/en\/2025\/07\/07\/mit-russland-verhandeln-mittels-drucks-und-anreizen\/250625g-002-2\/","title":{"rendered":"250625g-002"},"author":349,"featured_media":0,"comment_status":"closed","ping_status":"closed","template":"","meta":{"_acf_changed":false},"class_list":["post-13899","attachment","type-attachment","status-inherit","hentry"],"acf":[],"yoast_head":"<!-- This site is optimized with the Yoast SEO plugin v26.1.1 - https:\/\/yoast.com\/wordpress\/plugins\/seo\/ -->\n<title>250625g-002 - PRIF BLOG<\/title>\n<meta name=\"robots\" content=\"index, follow, max-snippet:-1, max-image-preview:large, max-video-preview:-1\" \/>\n<link rel=\"canonical\" href=\"https:\/\/blog.prif.org\/en\/2025\/07\/07\/mit-russland-verhandeln-mittels-drucks-und-anreizen\/250625g-002-2\/\" \/>\n<meta property=\"og:locale\" content=\"en_US\" \/>\n<meta property=\"og:type\" content=\"article\" \/>\n<meta property=\"og:title\" content=\"250625g-002 - PRIF BLOG\" \/>\n<meta property=\"og:description\" content=\"W\u00e4hrend des NATO-Gipfels in Den Haag trafen sich der NATO-Generalsekret\u00e4r und die Staats- und Regierungschefs f\u00fcnf europ\u00e4ischer Staaten mit dem ukrainischen Pr\u00e4sidenten. | Foto: North Atlantic Treaty Organization | Lizenzinformation\" \/>\n<meta property=\"og:url\" content=\"https:\/\/blog.prif.org\/en\/2025\/07\/07\/mit-russland-verhandeln-mittels-drucks-und-anreizen\/250625g-002-2\/\" \/>\n<meta property=\"og:site_name\" content=\"PRIF BLOG\" \/>\n<meta property=\"article:publisher\" content=\"https:\/\/www.facebook.com\/HSFK.PRIF\" \/>\n<meta property=\"article:modified_time\" content=\"2025-07-07T14:34:00+00:00\" \/>\n<meta property=\"og:image\" content=\"https:\/\/blog.prif.org\/wp-content\/uploads\/2025\/07\/250625g-002.jpg\" \/>\n\t<meta property=\"og:image:width\" content=\"1875\" \/>\n\t<meta property=\"og:image:height\" content=\"1025\" \/>\n\t<meta property=\"og:image:type\" content=\"image\/jpeg\" \/>\n<meta name=\"twitter:card\" content=\"summary_large_image\" \/>\n<meta name=\"twitter:site\" content=\"@HSFK_PRIF\" \/>\n<meta name=\"twitter:label1\" content=\"Written by\" \/>\n\t<meta name=\"twitter:data1\" content=\"Henriette Franken\" \/>\n<script type=\"application\/ld+json\" class=\"yoast-schema-graph\">{\"@context\":\"https:\/\/schema.org\",\"@graph\":[{\"@type\":\"WebPage\",\"@id\":\"https:\/\/blog.prif.org\/en\/2025\/07\/07\/mit-russland-verhandeln-mittels-drucks-und-anreizen\/250625g-002-2\/\",\"url\":\"https:\/\/blog.prif.org\/en\/2025\/07\/07\/mit-russland-verhandeln-mittels-drucks-und-anreizen\/250625g-002-2\/\",\"name\":\"250625g-002 - PRIF BLOG\",\"isPartOf\":{\"@id\":\"https:\/\/blog.prif.org\/en\/#website\"},\"datePublished\":\"2025-07-07T14:19:55+00:00\",\"dateModified\":\"2025-07-07T14:34:00+00:00\",\"breadcrumb\":{\"@id\":\"https:\/\/blog.prif.org\/en\/2025\/07\/07\/mit-russland-verhandeln-mittels-drucks-und-anreizen\/250625g-002-2\/#breadcrumb\"},\"inLanguage\":\"en-US\",\"potentialAction\":[{\"@type\":\"ReadAction\",\"target\":[\"https:\/\/blog.prif.org\/en\/2025\/07\/07\/mit-russland-verhandeln-mittels-drucks-und-anreizen\/250625g-002-2\/\"]}]},{\"@type\":\"BreadcrumbList\",\"@id\":\"https:\/\/blog.prif.org\/en\/2025\/07\/07\/mit-russland-verhandeln-mittels-drucks-und-anreizen\/250625g-002-2\/#breadcrumb\",\"itemListElement\":[{\"@type\":\"ListItem\",\"position\":1,\"name\":\"Startseite\",\"item\":\"https:\/\/blog.prif.org\/en\/\"},{\"@type\":\"ListItem\",\"position\":2,\"name\":\"Mit Russland verhandeln mittels Drucks und Anreizen\",\"item\":\"https:\/\/blog.prif.org\/en\/2025\/07\/07\/mit-russland-verhandeln-mittels-drucks-und-anreizen\/\"},{\"@type\":\"ListItem\",\"position\":3,\"name\":\"250625g-002\"}]},{\"@type\":\"WebSite\",\"@id\":\"https:\/\/blog.prif.org\/en\/#website\",\"url\":\"https:\/\/blog.prif.org\/en\/\",\"name\":\"PRIF BLOG\",\"description\":\"Peace Research Institute Frankfurt \/ Leibniz Institut Hessische Stiftung Friedens- und Konfliktforschung\",\"publisher\":{\"@id\":\"https:\/\/blog.prif.org\/en\/#organization\"},\"potentialAction\":[{\"@type\":\"SearchAction\",\"target\":{\"@type\":\"EntryPoint\",\"urlTemplate\":\"https:\/\/blog.prif.org\/en\/?s={search_term_string}\"},\"query-input\":{\"@type\":\"PropertyValueSpecification\",\"valueRequired\":true,\"valueName\":\"search_term_string\"}}],\"inLanguage\":\"en-US\"},{\"@type\":\"Organization\",\"@id\":\"https:\/\/blog.prif.org\/en\/#organization\",\"name\":\"Peace Research Institute Frankfurt \/ Leibniz Institut Hessische Stiftung Friedens- und Konfliktforschung\",\"url\":\"https:\/\/blog.prif.org\/en\/\",\"logo\":{\"@type\":\"ImageObject\",\"inLanguage\":\"en-US\",\"@id\":\"https:\/\/blog.prif.org\/en\/#\/schema\/logo\/image\/\",\"url\":\"https:\/\/blog.prif.org\/wp-content\/uploads\/2023\/09\/cropped-blog_rgb.png\",\"contentUrl\":\"https:\/\/blog.prif.org\/wp-content\/uploads\/2023\/09\/cropped-blog_rgb.png\",\"width\":750,\"height\":226,\"caption\":\"Peace Research Institute Frankfurt \/ Leibniz Institut Hessische Stiftung Friedens- und Konfliktforschung\"},\"image\":{\"@id\":\"https:\/\/blog.prif.org\/en\/#\/schema\/logo\/image\/\"},\"sameAs\":[\"https:\/\/www.facebook.com\/HSFK.PRIF\",\"https:\/\/x.com\/HSFK_PRIF\",\"https:\/\/www.linkedin.com\/company\/8912786\/\"]}]}<\/script>\n<!-- \/ Yoast SEO plugin. -->","yoast_head_json":{"title":"250625g-002 - PRIF BLOG","robots":{"index":"index","follow":"follow","max-snippet":"max-snippet:-1","max-image-preview":"max-image-preview:large","max-video-preview":"max-video-preview:-1"},"canonical":"https:\/\/blog.prif.org\/en\/2025\/07\/07\/mit-russland-verhandeln-mittels-drucks-und-anreizen\/250625g-002-2\/","og_locale":"en_US","og_type":"article","og_title":"250625g-002 - PRIF BLOG","og_description":"W\u00e4hrend des NATO-Gipfels in Den Haag trafen sich der NATO-Generalsekret\u00e4r und die Staats- und Regierungschefs f\u00fcnf europ\u00e4ischer Staaten mit dem ukrainischen Pr\u00e4sidenten. | Foto: North Atlantic Treaty Organization | Lizenzinformation","og_url":"https:\/\/blog.prif.org\/en\/2025\/07\/07\/mit-russland-verhandeln-mittels-drucks-und-anreizen\/250625g-002-2\/","og_site_name":"PRIF BLOG","article_publisher":"https:\/\/www.facebook.com\/HSFK.PRIF","article_modified_time":"2025-07-07T14:34:00+00:00","og_image":[{"width":1875,"height":1025,"url":"https:\/\/blog.prif.org\/wp-content\/uploads\/2025\/07\/250625g-002.jpg","type":"image\/jpeg"}],"twitter_card":"summary_large_image","twitter_site":"@HSFK_PRIF","twitter_misc":{"Written by":"Henriette Franken"},"schema":{"@context":"https:\/\/schema.org","@graph":[{"@type":"WebPage","@id":"https:\/\/blog.prif.org\/en\/2025\/07\/07\/mit-russland-verhandeln-mittels-drucks-und-anreizen\/250625g-002-2\/","url":"https:\/\/blog.prif.org\/en\/2025\/07\/07\/mit-russland-verhandeln-mittels-drucks-und-anreizen\/250625g-002-2\/","name":"250625g-002 - PRIF BLOG","isPartOf":{"@id":"https:\/\/blog.prif.org\/en\/#website"},"datePublished":"2025-07-07T14:19:55+00:00","dateModified":"2025-07-07T14:34:00+00:00","breadcrumb":{"@id":"https:\/\/blog.prif.org\/en\/2025\/07\/07\/mit-russland-verhandeln-mittels-drucks-und-anreizen\/250625g-002-2\/#breadcrumb"},"inLanguage":"en-US","potentialAction":[{"@type":"ReadAction","target":["https:\/\/blog.prif.org\/en\/2025\/07\/07\/mit-russland-verhandeln-mittels-drucks-und-anreizen\/250625g-002-2\/"]}]},{"@type":"BreadcrumbList","@id":"https:\/\/blog.prif.org\/en\/2025\/07\/07\/mit-russland-verhandeln-mittels-drucks-und-anreizen\/250625g-002-2\/#breadcrumb","itemListElement":[{"@type":"ListItem","position":1,"name":"Startseite","item":"https:\/\/blog.prif.org\/en\/"},{"@type":"ListItem","position":2,"name":"Mit Russland verhandeln mittels Drucks und Anreizen","item":"https:\/\/blog.prif.org\/en\/2025\/07\/07\/mit-russland-verhandeln-mittels-drucks-und-anreizen\/"},{"@type":"ListItem","position":3,"name":"250625g-002"}]},{"@type":"WebSite","@id":"https:\/\/blog.prif.org\/en\/#website","url":"https:\/\/blog.prif.org\/en\/","name":"PRIF BLOG","description":"Peace Research Institute Frankfurt \/ Leibniz Institut Hessische Stiftung Friedens- und Konfliktforschung","publisher":{"@id":"https:\/\/blog.prif.org\/en\/#organization"},"potentialAction":[{"@type":"SearchAction","target":{"@type":"EntryPoint","urlTemplate":"https:\/\/blog.prif.org\/en\/?s={search_term_string}"},"query-input":{"@type":"PropertyValueSpecification","valueRequired":true,"valueName":"search_term_string"}}],"inLanguage":"en-US"},{"@type":"Organization","@id":"https:\/\/blog.prif.org\/en\/#organization","name":"Peace Research Institute Frankfurt \/ Leibniz Institut Hessische Stiftung Friedens- und Konfliktforschung","url":"https:\/\/blog.prif.org\/en\/","logo":{"@type":"ImageObject","inLanguage":"en-US","@id":"https:\/\/blog.prif.org\/en\/#\/schema\/logo\/image\/","url":"https:\/\/blog.prif.org\/wp-content\/uploads\/2023\/09\/cropped-blog_rgb.png","contentUrl":"https:\/\/blog.prif.org\/wp-content\/uploads\/2023\/09\/cropped-blog_rgb.png","width":750,"height":226,"caption":"Peace Research Institute Frankfurt \/ Leibniz Institut Hessische Stiftung Friedens- und Konfliktforschung"},"image":{"@id":"https:\/\/blog.prif.org\/en\/#\/schema\/logo\/image\/"},"sameAs":["https:\/\/www.facebook.com\/HSFK.PRIF","https:\/\/x.com\/HSFK_PRIF","https:\/\/www.linkedin.com\/company\/8912786\/"]}]}},"description":{"rendered":"<p class=\"attachment\"><a href='https:\/\/blog.prif.org\/wp-content\/uploads\/2025\/07\/250625g-002.jpg'><img loading=\"lazy\" decoding=\"async\" width=\"300\" height=\"164\" src=\"https:\/\/blog.prif.org\/wp-content\/uploads\/2025\/07\/250625g-002-300x164.jpg\" class=\"attachment-medium size-medium\" alt=\"Auf beiden Seiten eines Konferenztisches sitzen\" srcset=\"https:\/\/blog.prif.org\/wp-content\/uploads\/2025\/07\/250625g-002-300x164.jpg 300w, https:\/\/blog.prif.org\/wp-content\/uploads\/2025\/07\/250625g-002-1024x560.jpg 1024w, https:\/\/blog.prif.org\/wp-content\/uploads\/2025\/07\/250625g-002-768x420.jpg 768w, https:\/\/blog.prif.org\/wp-content\/uploads\/2025\/07\/250625g-002-1536x840.jpg 1536w, https:\/\/blog.prif.org\/wp-content\/uploads\/2025\/07\/250625g-002-1320x722.jpg 1320w, https:\/\/blog.prif.org\/wp-content\/uploads\/2025\/07\/250625g-002.jpg 1875w\" sizes=\"(max-width: 300px) 100vw, 300px\" \/><\/a><\/p>\n"},"caption":{"rendered":"<p><a href=\"https:\/\/www.nato.int\/nato_static_fl2014\/assets\/pictures\/images_mfu\/2025\/6\/25g-summit-bilat-sg-ukr-e5\/250625g-002.jpg\">W\u00e4hrend des NATO-Gipfels in Den Haag trafen sich der NATO-Generalsekret\u00e4r und die Staats- und Regierungschefs f\u00fcnf europ\u00e4ischer Staaten mit dem ukrainischen Pr\u00e4sidenten.<\/a> | Foto: <a href=\"https:\/\/www.nato.int\/cps\/en\/natohq\/photos_236422.htm\">North Atlantic Treaty Organization | <a href=\"https:\/\/www.nato.int\/copyright\/\">Lizenzinformation<\/a><\/p>\n"},"alt_text":"Auf beiden Seiten eines Konferenztisches sitzen ","media_type":"image","mime_type":"image\/jpeg","media_details":{"width":1875,"height":1025,"file":"2025\/07\/250625g-002.jpg","filesize":389718,"sizes":{"medium":{"file":"250625g-002-300x164.jpg","width":300,"height":164,"filesize":19766,"mime_type":"image\/jpeg","source_url":"https:\/\/blog.prif.org\/wp-content\/uploads\/2025\/07\/250625g-002-300x164.jpg"},"large":{"file":"250625g-002-1024x560.jpg","width":1024,"height":560,"filesize":129865,"mime_type":"image\/jpeg","source_url":"https:\/\/blog.prif.org\/wp-content\/uploads\/2025\/07\/250625g-002-1024x560.jpg"},"thumbnail":{"file":"250625g-002-150x150.jpg","width":150,"height":150,"filesize":11195,"mime_type":"image\/jpeg","source_url":"https:\/\/blog.prif.org\/wp-content\/uploads\/2025\/07\/250625g-002-150x150.jpg"},"medium_large":{"file":"250625g-002-768x420.jpg","width":768,"height":420,"filesize":82356,"mime_type":"image\/jpeg","source_url":"https:\/\/blog.prif.org\/wp-content\/uploads\/2025\/07\/250625g-002-768x420.jpg"},"1536x1536":{"file":"250625g-002-1536x840.jpg","width":1536,"height":840,"filesize":253713,"mime_type":"image\/jpeg","source_url":"https:\/\/blog.prif.org\/wp-content\/uploads\/2025\/07\/250625g-002-1536x840.jpg"},"mailpoet_newsletter_max":{"file":"250625g-002-1320x722.jpg","width":1320,"height":722,"filesize":197341,"mime_type":"image\/jpeg","source_url":"https:\/\/blog.prif.org\/wp-content\/uploads\/2025\/07\/250625g-002-1320x722.jpg"},"full":{"file":"250625g-002.jpg","width":1875,"height":1025,"mime_type":"image\/jpeg","source_url":"https:\/\/blog.prif.org\/wp-content\/uploads\/2025\/07\/250625g-002.jpg"}},"image_meta":{"aperture":"0","credit":"","camera":"","caption":"","created_timestamp":"0","copyright":"NATO","focal_length":"0","iso":"0","shutter_speed":"0","title":"","orientation":"0","keywords":[]}},"post":13901,"source_url":"https:\/\/blog.prif.org\/wp-content\/uploads\/2025\/07\/250625g-002.jpg","_links":{"self":[{"href":"https:\/\/blog.prif.org\/en\/wp-json\/wp\/v2\/media\/13899","targetHints":{"allow":["GET"]}}],"collection":[{"href":"https:\/\/blog.prif.org\/en\/wp-json\/wp\/v2\/media"}],"about":[{"href":"https:\/\/blog.prif.org\/en\/wp-json\/wp\/v2\/types\/attachment"}],"author":[{"embeddable":true,"href":"https:\/\/blog.prif.org\/en\/wp-json\/wp\/v2\/users\/349"}],"replies":[{"embeddable":true,"href":"https:\/\/blog.prif.org\/en\/wp-json\/wp\/v2\/comments?post=13899"}]}}

<!-- This site is optimized with the Yoast SEO plugin v26.1.1 - https://yoast.com/wordpress/plugins/seo/ -->
<title>250625g-002 - PRIF BLOG</title>
<meta name="robots" content="index, follow, max-snippet:-1, max-image-preview:large, max-video-preview:-1" />
<link rel="canonical" href="https://blog.prif.org/en/2025/07/07/mit-russland-verhandeln-mittels-drucks-und-anreizen/250625g-002-2/" />
<meta property="og:locale" content="en_US" />
<meta property="og:type" content="article" />
<meta property="og:title" content="250625g-002 - PRIF BLOG" />
<meta property="og:description" content="Während des NATO-Gipfels in Den Haag trafen sich der NATO-Generalsekretär und die Staats- und Regierungschefs fünf europäischer Staaten mit dem ukrainischen Präsidenten. | Foto: North Atlantic Treaty Organization | Lizenzinformation" />
<meta property="og:url" content="https://blog.prif.org/en/2025/07/07/mit-russland-verhandeln-mittels-drucks-und-anreizen/250625g-002-2/" />
<meta property="og:site_name" content="PRIF BLOG" />
<meta property="article:publisher" content="https://www.facebook.com/HSFK.PRIF" />
<meta property="article:modified_time" content="2025-07-07T14:34:00+00:00" />
<meta property="og:image" content="https://blog.prif.org/wp-content/uploads/2025/07/250625g-002.jpg" />
	<meta property="og:image:width" content="1875" />
	<meta property="og:image:height" content="1025" />
	<meta property="og:image:type" content="image/jpeg" />
<meta name="twitter:card" content="summary_large_image" />
<meta name="twitter:site" content="@HSFK_PRIF" />
<meta name="twitter:label1" content="Written by" />
	<meta name="twitter:data1" content="Henriette Franken" />
<script type="application/ld+json" class="yoast-schema-graph">{"@context":"https://schema.org","@graph":[{"@type":"WebPage","@id":"https://blog.prif.org/en/2025/07/07/mit-russland-verhandeln-mittels-drucks-und-anreizen/250625g-002-2/","url":"https://blog.prif.org/en/2025/07/07/mit-russland-verhandeln-mittels-drucks-und-anreizen/250625g-002-2/","name":"250625g-002 - PRIF BLOG","isPartOf":{"@id":"https://blog.prif.org/en/#website"},"datePublished":"2025-07-07T14:19:55+00:00","dateModified":"2025-07-07T14:34:00+00:00","breadcrumb":{"@id":"https://blog.prif.org/en/2025/07/07/mit-russland-verhandeln-mittels-drucks-und-anreizen/250625g-002-2/#breadcrumb"},"inLanguage":"en-US","potentialAction":[{"@type":"ReadAction","target":["https://blog.prif.org/en/2025/07/07/mit-russland-verhandeln-mittels-drucks-und-anreizen/250625g-002-2/"]}]},{"@type":"BreadcrumbList","@id":"https://blog.prif.org/en/2025/07/07/mit-russland-verhandeln-mittels-drucks-und-anreizen/250625g-002-2/#breadcrumb","itemListElement":[{"@type":"ListItem","position":1,"name":"Startseite","item":"https://blog.prif.org/en/"},{"@type":"ListItem","position":2,"name":"Mit Russland verhandeln mittels Drucks und Anreizen","item":"https://blog.prif.org/en/2025/07/07/mit-russland-verhandeln-mittels-drucks-und-anreizen/"},{"@type":"ListItem","position":3,"name":"250625g-002"}]},{"@type":"WebSite","@id":"https://blog.prif.org/en/#website","url":"https://blog.prif.org/en/","name":"PRIF BLOG","description":"Peace Research Institute Frankfurt / Leibniz Institut Hessische Stiftung Friedens- und Konfliktforschung","publisher":{"@id":"https://blog.prif.org/en/#organization"},"potentialAction":[{"@type":"SearchAction","target":{"@type":"EntryPoint","urlTemplate":"https://blog.prif.org/en/?s={search_term_string}"},"query-input":{"@type":"PropertyValueSpecification","valueRequired":true,"valueName":"search_term_string"}}],"inLanguage":"en-US"},{"@type":"Organization","@id":"https://blog.prif.org/en/#organization","name":"Peace Research Institute Frankfurt / Leibniz Institut Hessische Stiftung Friedens- und Konfliktforschung","url":"https://blog.prif.org/en/","logo":{"@type":"ImageObject","inLanguage":"en-US","@id":"https://blog.prif.org/en/#/schema/logo/image/","url":"https://blog.prif.org/wp-content/uploads/2023/09/cropped-blog_rgb.png","contentUrl":"https://blog.prif.org/wp-content/uploads/2023/09/cropped-blog_rgb.png","width":750,"height":226,"caption":"Peace Research Institute Frankfurt / Leibniz Institut Hessische Stiftung Friedens- und Konfliktforschung"},"image":{"@id":"https://blog.prif.org/en/#/schema/logo/image/"},"sameAs":["https://www.facebook.com/HSFK.PRIF","https://x.com/HSFK_PRIF","https://www.linkedin.com/company/8912786/"]}]}</script>
<!-- / Yoast SEO plugin. -->

Während des NATO-Gipfels in Den Haag trafen sich der NATO-Generalsekretär und die Staats- und Regierungschefs fünf europäischer Staaten mit dem ukrainischen Präsidenten. | Foto: North Atlantic Treaty Organization | Lizenzinformation

<p><a href="https://www.nato.int/nato_static_fl2014/assets/pictures/images_mfu/2025/6/25g-summit-bilat-sg-ukr-e5/250625g-002.jpg">Während des NATO-Gipfels in Den Haag trafen sich der NATO-Generalsekretär und die Staats- und Regierungschefs fünf europäischer Staaten mit dem ukrainischen Präsidenten.</a> | Foto: <a href="https://www.nato.int/cps/en/natohq/photos_236422.htm">North Atlantic Treaty Organization | <a href="https://www.nato.int/copyright/">Lizenzinformation</a></p>
